
What is the value of (-11 + 9 - 3) + 10?
5
Calculate -1 - (-1 + (1 - 3)).
2
Evaluate -5 + 10 + -10 - -8.
3
Calculate 1 + 1 + -5 + 7.
4
Evaluate -7 - (-5 + 8) - -7.
-3
(0 - 6) + 2 - 4 - -2
-6
What is the value of 3 - -1 - (-6 - -2 - -6)?
2
Calculate 3 + -3 + 2 - 6 - 0.
-4
What is the value of -4 - (-4 - 0 - 4)?
4
Evaluate (-1 - (1 + 4)) + 10.
4
What is 4 - 5 - -3 - 3?
-1
Evaluate -34 + 34 - ((0 - 2) + 0).
2
-1 - (-3 - 8) - 5
5
Evaluate 3 + (-1 - 3) - -2.
1
-7 + (-6 - (-16 + 2))
1
Calculate 2 + (2 - (0 + 5 + 2)).
-3
Calculate -3 - (3 - (-1 + 3)).
-4
What is the value of 0 - -10 - (-1 + 13 - 7)?
5
-4 - (0 + -4 + 0)
0
Calculate 0 - (-3 - (1 + (3 - 9))).
-2
-2 + 4 - (5 + -4)
1
(0 - (7 - 4 - 2)) + 2
1
Evaluate -3 + (0 + -1 - (-5 + 2)).
-1
-2 - (6 - (6 + -1))
-3
Calculate 1 + (-4 - (0 + 1)).
-4
Evaluate (105 - 111) + 0 + 0.
-6
Evaluate (11 - 15) + 0 + -2 + 1.
-5
What is the value of 9 - (1 + 5) - 1?
2
7 - ((-2 - 2 - -1) + 9)
1
What is 10 - 4 - (8 - -1)?
-3
-6 + 1 + 0 + 0
-5
Calculate 4 - (-8 - -14 - 3).
1
Calculate (-1 - 2) + 6 + 0.
3
What is the value of -2 - (2 + 8 + -10)?
-2
Calculate -7 + 1 + (3 - 3) + 3.
-3
What is the value of 4 + (-2 - 5) - -7?
4
What is 4 + (-5 - (4 - 5)) + -4?
-4
What is the value of (-5 - -2) + (4 - 1)?
0
14 + 4 - 7 - 6
5
2 - (6 + -4 + -9 + 1)
8
What is the value of -5 + (7 - (-3 - -4))?
1
What is the value of (17 + -11 - 9) + 5?
2
What is the value of 4 - (5 + -1 - 4)?
4
What is the value of (-1 - (0 - -1)) + 3?
1
(-17 - -19) + (-3 + -2 - -3)
0
What is 2 + (2 + 5 - 4)?
5
Evaluate 7 - (0 - -6 - 3 - -5).
-1
Calculate -4 - -1 - (0 - 1).
-2
-4 + 4 + -6 + 3 - 0
-3
(10 - 10) + 2 + 1
3
3 - ((10 - 9) + (1 - 5))
6
What is -7 + -5 + 21 + 4 + -7?
6
What is the value of -2 + 1 + -3 + (-9 - -6)?
-7
1 + 1 - ((5 - -1) + -3)
-1
Calculate -6 + (10 + -5 - (1 - 2)).
0
-1 + 5 + -1 - -5
8
Calculate (19 - 20) + -2 + 13.
10
0 + 1 + (-4 - (2 + 0))
-5
Calculate 1 + (-7 - -5) + 6.
5
2 - ((-13 - -5) + 9)
1
What is -2 + (-3 + 4 - (-5 - -3))?
1
Calculate -7 + 7 + -7 - -6.
-1
Calculate (0 + 0 - -1) + (-9 - -6).
-2
Evaluate (3 - (11 + -5)) + 4.
1
What is the value of 0 + 14 - (325 - 319)?
8
What is the value of 3 + -7 + 2 + (-7 - -9)?
0
12 + -12 + 2 + 1 + 1
4
Calculate (7 - -4 - 3) + -6.
2
Calculate 8 + (0 - 3) - (3 + 4).
-2
What is 4 - (12 - (6 + (-4 - 3)))?
-9
-2 - (-10 + 0 - -3) - 9
-4
What is 0 + 4 + (11 - 15) - 0?
0
What is 26 + 0 + -20 + (-1 - 1)?
4
Evaluate 4 + -13 + -2 + 6.
-5
What is (3 + -5 - -7) + -6?
-1
Evaluate (0 + -3 - (-1 + -2)) + -1.
-1
What is -5 + (4 - (-3 + 1 + 4))?
-3
-16 - (-18 - -8) - -13
7
Calculate 0 - (0 + -6 + 11).
-5
Calculate 6 - (1 + 7) - -1.
-1
What is (-3 - 1) + 0 + 1 + -2?
-5
What is 0 - (7 - (-2 + -3 + 9))?
-3
2 + 1 - (4 - 4 - -3)
0
What is the value of (10 - 20 - -7) + -2?
-5
Calculate -6 - (12 - (-8 - -24)).
-2
Calculate -5 + (-4 - (-13 - 2)).
6
Calculate -2 + -1 + (3 - 2).
-2
(-4 - -3) + -1 + (-1 - -7)
4
What is the value of (5 - 18) + 10 + -3 + 0?
-6
-1 + (-14 + 6 + 6 - -6)
3
25 - 9 - (-1 + 2 - -7)
8
What is 3 + 4 + -3 + -4?
0
-6 + (2 - (-2 - -2))
-4
What is the value of 13 - (-19 + 25) - (0 + 6)?
1
Calculate 5 + (-2 - (1 - 1)).
3
What is the value of -7 - (1 - 11 - -3)?
0
What is -4 + 5 + -3 + -2?
-4
What is the value of (2 + -2 - 4) + 3?
-1
Calculate 71 + -68 - (8 - -1).
-6
What is 5 + (-9 - -11 - 2)?
5
Calculate 6 + (-4 - 5) + 5 + 0.
2
Evaluate 1 - (3 - (2 - 0 - 1)).
-1
Evaluate 0 + (5 - 5) - 4.
-4
What is the value of (0 - -2 - (-27 - -31)) + -3?
-5
15 + (-6 - 8) + 5
6
Evaluate 0 - (-2 - 4 - -3 - -10).
-7
What is -10 - 0 - (-11 + (20 - 10))?
-9
What is 8 + 2 + -11 + 5?
4
2 + -4 + -33 + 38
3
What is 6 - (2 + 5 + (-2 - 2))?
3
What is (3 - (7 + (-5 - 0))) + 2?
3
What is (5 - 0) + 8 + -19 - 2?
-8
Evaluate -2 - (-2 + 7) - -15.
8
What is -5 + -5 + (-8 - -14)?
-4
1 + -1 - (3 - (11 + -7))
1
Evaluate 7 - (3 - -1 - (-5 + 8)).
6
What is (15 + -18 - (-1 + -1)) + 7?
6
What is 0 + 0 - 0 - (-50 - -53)?
-3
What is 2 - (0 + (3 - 1) - -4)?
-4
Calculate -3 + -5 + 0 - -13.
5
(-2 - (-2 - -1)) + (-81 - -84)
2
Evaluate (0 - 2) + (0 - -1) - 5.
-6
Evaluate 3 - (3 + -1 + 2).
-1
Evaluate 2 - 0 - ((-4 - -2) + 0).
4
What is -7 + 5 + -3 - -3?
-2
Calculate 2 + -9 - (-7 + 2).
-2
Evaluate -6 - (-4 - (-4 - -3 - 3)).
-6
Calculate -1 + 6 + -19 - (-2 - 3).
-9
What is the value of (-14 - -6) + 6 - -3 - 3?
-2
What is -5 + 8 + -3 + -4?
-4
What is 8 - 9 - ((-1 - -1) + -2)?
1
Evaluate -7 + (-3 - -9) + 1 - 0.
0
Evaluate (2 - 7 - (-7 - -2)) + -5.
-5
Calculate -7 - ((-17 - -4) + 3).
3
-3 - (-1 + -1 - -3)
-4
What is -2 + -2 - (4 - 6 - -3)?
-5
Evaluate (-6 - -7) + 9 + -4 - 5.
1
What is the value of (0 - (-6 + (1 - 1))) + -2?
4
What is 1 + 6 - (-37 + 44)?
0
What is the value of (0 - 7) + 12 + 2?
7
Evaluate 2 - 3 - (2 + (-10 - 0)).
7
What is (-8 - -15) + 3 - 16?
-6
-23 + 22 + (-3 - (1 + -1))
-4
(11 - (26 - 5)) + 2
-8
What is 8 - ((-1 - -4) + 21 + -23)?
7
What is 5 + 0 - (-3 + 8)?
0
Evaluate -4 + 3 + -42 + 36.
-7
What is the value of 9 - 5 - (2 - (-2 + 3))?
3
Evaluate -11 + 18 - (9 - 0).
-2
Evaluate 11 + (1 - 8) + 4.
8
Evaluate 10 + -15 + 5 + -5.
-5
What is -4 - (1 + 1 + -5 - 5)?
4
Evaluate -1 - 4 - (7 + -16 - -8).
-4
4 + (-3 - -2) + 2
5
What is (-7 - (0 + -6 + 8)) + 3?
-6
3 - (-11 + (12 - -5))
-3
What is -14 + 8 + -3 + 8?
-1
(4 - (4 - 4)) + (-9 - 0)
-5
Calculate (21 - 24) + 1 + -1.
-3
-5 + -4 + 6 + -1 + 6
2
Evaluate -4 + (10 - 4) + 0 + -6.
-4
(-128 - -120) + 0 + 4
-4
Calculate 0 + -2 - (-1 + 2).
-3
What is the value of 2 - ((1 - 2) + 3) - -1?
1
Evaluate (1 - 3) + (-3 - -4).
-1
Evaluate -1 - -8 - (44 + -30).
-7
(11 - (1 - -5)) + 1 - -1
7
Calculate 5 + 2 + (8 - 16).
-1
Calculate (1 - 6) + -5 + 6.
-4
What is the value of -4 - 0 - (0 + 0)?
-4
What is the value of 3 + (-10 - -6) - -4?
3
What is the value of -4 + (-5 - -1 - -5)?
-3
What is (-4 - -4) + 2 - 0?
2
What is (10 - (5 + 2)) + 0?
3
What is 2 - 8 - (-2 - -1)?
-5
What is the value of -112 + 106 + 3 + -1?
-4
What is -5 - 1 - (-3 + -10 + 12)?
-5
What is -4 + -1 + 1 + 4 - -3?
3
Evaluate -2 - -2 - (3 - (6 - 3)).
0
5 - (7 + 2 - (11 - 9))
-2
0 - (7 + 5 - 10)
-2
Calculate -3 + (6 - 3 - -3).
3
What is the value of (-4 + 7 - 2) + 1?
2
What is (-14 - -3) + 31 + -20?
0
What is the value of 3 + 5 + 3 + -18?
-7
0 + 3 + -14 - -12
1
Calculate -3 + (1 + 2 - 0).
0
-2 - (-5 - (1 - 4)) - 3
-3
Calculate 4 + -9 - 2 - (-4 - -2).
-5
-5 + 0 - (1 - 1)
-5
Evaluate -4 + -3 + 6 - (-4 - 0).
3
Evaluate (-13 + 12 - (4 + 1)) + 3.
-3
What is the value of 0 - (-1 + -3 - -2)?
2
What is the value of (-8 - 0) + (27 + -13 - 10)?
-4
What is the value of (-2 + -2 - 8) + 6?
-6
-4 + 3 - (6 + -3)
-4
What is the value of 2 - (13 + -11 + 4)?
-4
What is -10 - -18 - (7 - 4)?
5
-19 - -20 - (-1 + 0 + 1)
1
Calculate -8 + 18 - 0 - 15.
-5
What is 1 - (-2 + 1 + -1)?
3
What is (4 - 7) + 3 + 4?
4
What is 5 + (-5 - 7) - -5?
-2
What is the value of (-9 - -7) + (1 - (5 + 0))?
-6
What is the value of 1 + (11 - 5) + -5?
2
Evaluate 9 + 5 + -8 + 3 + -8.
1
Evaluate (-3 - 2) + (2 + 0 - 2).
-5
What is the value of 10 - 6 - (4 - -2)?
-2
What is the value of (1 - -1 - (1 + -7)) + -3?
5
What is the value of -10 - (1 + -6 + -2)?
-3
What is the value of 1 + (2 - (-2 - 0))?
5
What is 8 + -2 + (-2 - (0 + 2))?
2
Calculate -2 + (-2 - (0 - 2 - -1)).
-3
Evaluate 17 + -13 - (-2 - -4).
2
What is the value of 2 - (0 - 2) - 2?
2
Evaluate (-3 - (5 - 3)) + 0 + 5.
0
What is the value of 8 + -2 + 1 + -1 + -2?
4
Calculate 4 + -4 + 1 + -2.
-1
What is -8 + 6 + (-1 - 3) - -2?
-4
(2 - 20) + (17 - 9)
-10
Evaluate 8 + -4 + (6 - 3) - 3.
4
What is the value of -7 - (2 + -4 - (12 + -15))?
-8
Calculate (3 - 10 - -4) + 0 + -2.
-5
Calculate 4 - (-4 + 4 - -1).
3
Evaluate -9 + -2 - (3 - 9) - -11.
6
12 + (-5 + (-1 - -3) - 1)
8
-1 + 0 + -3 - 1 - -6
1
Evaluate 7 - 12 - (-3 + (-5 - -2)).
1
What is 11 + -13 - (-2 - (0 + -1))?
-1
What is the value of (-6 - -1) + (-1 - -12) - 3?
3
2 + -8 + 2 + (4 - 4)
-4
Evaluate (4 - 2 - -1) + -4 - -2.
1
Calculate (7 + -7 - -1) + -5.
-4
-3 - ((5 - 1) + -5)
-2
What is the value of 8 - (-1 - -1) - 1 - 2?
5
2 - (-8 + 4 - -3)
3
What is 1 + (-1 + -3 - -1) + 2?
0
What is 0 + (-4 - 2) - -3?
-3
What is the value of 17 - 2 - (-7 + 18)?
4
What is the value of (3 - 4) + 1 + 2?
2
-4 + (-6 - (-9 - 7))
6
What is the value of 4 + 0 - (3 + 0) - 4?
-3
What is the value of 4 - (6 + (-20 - -6